) - 1.
-5
What is 0 + -2 + (8 - 5 - 0)?
1
What is 60 + -66 - (1 + -1 + 1)?
-7
-10 + 4 + (-1 - -3)
-4
What is 0 + (-9 - 2) + 6?
-5
Evaluate 0 - (-3 - -4 - 0).
-1
-5 + -1 - (9 - (8 - -5))
-2
What is 5 + (-4 + 8 + -2 - 2)?
5
Calculate 14 - (8 - 14 - -13).
7
-2 + (2 - (-1 + (-3 - -5)))
-1
What is 5 - (2 + 2) - 2?
-1
What is the value of -6 - -7 - (-5 + 3 + 8)?
-5
(-3 + 1 - (-2 + 8)) + 3
-5
(-1 - -7) + -3 + 9 + -20
-8
What is the value of 1 - -10 - (162 - 149)?
-2
Evaluate -1 + (9 - (0 + -1 + 5)).
4
Calculate 6 + 1 + 0 - (3 + -4).
8
What is the value of 1 + -1 + (5 - (-7 + 11))?
1
2 - (-3 - 1 - -1)
5
What is the value of 11 - (-10 + 19 - -1)?
1
Calculate 5 + 3 - (-6 + 10).
4
What is -4 - 0 - -6 - (0 + -3)?
5
What is the value of 0 + 1 + 5 + -3 - 2?
1
Calculate 6 + -6 + -1 - 2.
-3
Evaluate -8 - (0 - 2) - -3.
-3
Evaluate -2 - (1 - -2 - 11) - 10.
-4
Calculate 1 + -3 + -1 + 47 + -43.
1
-1 - (1 + 5) - -16
9
What is the value of -11 + 15 - (-7 - -18)?
-7
Calculate 2 - -5 - (0 + -3 + 9).
1
Evaluate (-13 + 8 - -9) + -10.
-6
Calculate (-5 - (1 - -5)) + 1.
-10
-5 - (-12 - 1 - 0)
8
Evaluate -1 - (-3 + -1) - (16 + -14).
1
What is -3 + 3 + -8 + 4?
-4
What is the value of -2 + (7 - (-1 - -4))?
2
What is (-2 - (2 + 1)) + (1 - 0)?
-4
Evaluate 1 - ((-5 - -3) + (5 - 4)).
2
What is the value of -6 - -3 - (-8 - -3 - -1)?
1
Calculate 11 + -3 + (1 - (0 - -5)).
4
Evaluate 7 - (9 + 8 + -13).
3
Calculate 4 - (-4 + (2 - -4)) - 0.
2
What is 2 + 7 + -6 - (7 - -1)?
-5
164 + -165 - (2 - -1)
-4
What is the value of -2 + 1 + -2 + 0 + -2?
-5
0 + -3 - (-6 - (-5 + 0))
-2
(-8 + 22 - 14) + 7 + 0
7
What is the value of 0 - -2 - (-3 + 2)?
3
What is the value of -10 + 12 + 0 + 1?
3
-2 + 2 + -1 - (-7 - -10)
-4
What is the value of -5 + (-5 + -7 - -9)?
-8
What is 2 + 1 - 1 - (-1 + 8)?
-5
(7 - 3) + (0 - 4)
0
What is the value of -6 + 1 + -5 + 5?
-5
-6 - (-6 + -1) - 1
0
5 - (0 - -2 - (9 + -7))
5
Calculate -4 + -1 + (4 - (3 - 1)).
-3
Calculate -4 - (-5 + (7 - 2)).
-4
Calculate 0 + (2 - 1) + -4.
-3
Calculate -1 + 2 + 0 + (-14 - -12).
-1
What is (13 + -5 - 8) + 7 + 2?
9
Calculate (-2 - -4) + (-6 - -11).
7
5 - 3 - (0 + (-3 - -4))
1
Evaluate -3 + 3 + -2 - -3 - -4.
5
What is 2 + 4 - (26 + -25)?
5
Calculate 0 + -2 - (5 + -5 + -3).
1
What is (-4 - -9) + (1 - 1) - 3?
2
What is 6 - (10 + -4 - 2) - 4?
-2
What is the value of -10 + (19 - 8) - 3?
-2
Evaluate -4 - 0 - (5 - -1 - 5).
-5
6 + -3 + (3 - 2)
4
What is -5 + (-3 + 5 - (0 - -2))?
-5
What is the value of -1 + -2 - -1 - 0?
-2
Calculate 1 - (-3 - (1 + (-3 - 0))).
2
Evaluate -4 - (-3 + 6 + -7).
0
Evaluate 2 + -3 + 6 - 0.
5
What is 13 - (-5 - -13) - 8?
-3
What is the value of 0 + -3 - (10 + 5 + -19)?
1
Calculate -3 - (3 - (-1 + -4 + 9)).
-2
Evaluate (-3 - -2) + (-2 - -1) + 2.
0
12 + -1 + -14 + (1 - 1)
-3
Calculate -21 + 20 + 7 + 1.
7
1 + 1 - (0 + 2 + 5)
-5
What is the value of (11 - 3) + (-10 - -8 - -3)?
9
What is -3 - (-4 + (0 - (3 + -2)))?
2
Evaluate 1 - (7 - (-8 + 8)).
-6
What is -2 + 5 - (9 - 7)?
1
What is the value of -4 - ((-6 - -4) + -1)?
-1
Calculate (12 - 9) + (-5 - 0).
-2
What is 3 + 8 + -4 + -3 + -11?
-7
-52 - -51 - (-5 + -2 + 1)
5
-1 - 1 - (-3 - 3)
4
Calculate 7 + (5 - (-3 + 11) - 3).
1
What is the value of 3 + (-3 - -7) - 2?
5
What is the value of -5 + 1 - -3 - (1 - 1)?
-1
What is 7 + (-4 - -1) + 2?
6
Calculate 1 + -3 + 1 + 2 + 0.
1
-24 - (-26 + 11) - (-1 + 2)
-10
Calculate 1 + 2 - (9 - (8 + -5)).
-3
(3 - (2 + 0)) + -15 + 23
9
What is the value of (-15 - -17) + (-3 - -1)?
0
What is the value of 4 - 1 - (-6 + 10 - 0)?
-1
What is 0 + 2 - (-5 + 16 + -3)?
-6
(0 - 1) + (-3 - 0) - 1
-5
Calculate 4 + -11 + 4 - -4.
1
What is 1 - (-1 - -10 - 2)?
-6
Evaluate 2 - -3 - (7 - -3 - 5).
0
Evaluate (2 - 7) + (1 - -8 - -1).
5
Evaluate 2 + 1 - (2 + 2).
-1
(0 + -1 - (5 - 7)) + 3
4
Evaluate 11 - (7 + (12 - 10)).
2
24 - (29 + -2) - (0 - -7)
-10
What is the value of -64 - -83 - (14 - 1)?
6
Calculate 2 - 2 - 5 - (-23 - -19).
-1
Calculate (-3 + -4 - -5 - 4) + 7.
1
What is the value of -1 + -1 + 0 + 1 - 3?
-4
Evaluate 0 + 7 - (-11 + 18 - 9).
9
What is the value of (0 - 5) + -3 + 7 + -4?
-5
Calculate 20 + 3 + -8 + -14.
1
What is the value of -2 - (-11 - -2 - (-1 - 1))?
5
Calculate 12 - (9 + -8 - -4) - -2.
9
What is the value of -2 - -11 - 1 - 3?
5
0 + (3 - 5) + 0
-2
Calculate -5 + 17 + -6 - 7.
-1
What is the value of -5 + 13 - (-6 + 4 - -7)?
3
0 + -2 + 2 + (0 - -4)
4
Evaluate -2 + -3 + -2 - (0 - 18).
11
2 + -3 + 2 + 2
3
What is the value of -7 + (1 - (-5 + (3 - 1)))?
-3
What is the value of 5 + (-6 - -3) - 3?
-1
-3 + 3 - (5 - 2)
-3
Evaluate 0 + (16 + -7 - 5).
4
Evaluate -7 + (-11 - (-29 - -5)).
6
What is the value of 6 + -11 + 3 + 4?
2
What is -1 - (-4 + -2 + 2 + 7)?
-4
-2 + 10 + 5 + -14
-1
What is the value of -4 + 10 - (-4 - -10)?
0
What is the value of 16 - ((12 - 14) + 12)?
6
Evaluate -20 + (4 - (3 - (-6 + 14))).
-11
Calculate 5 + (-1 - 5) + -1 + -2.
-4
12 + (-4 - 4) + (2 - -3)
9
(-2 - 5) + 3 - -3
-1
What is the value of (0 - -8) + 24 + -37?
-5
Calculate (-7 - -2) + 19 + -14.
0
2 - (8 + -2) - (50 - 48)
-6
Calculate 3 + (-2 - 0) - (1 - 3).
3
Calculate (-10 + 0 - -4) + 8.
2
Evaluate 5 + 3 + -4 + -3 + -5.
-4
-5 - (7 + -9 - -6 - 2)
-7
Calculate 0 + (0 - 5 - -1).
-4
What is the value of 4 + 3 + (-2 - (-1 - -4))?
2
What is -6 + 0 + (-4 - (-2 + -8))?
0
What is the value of -1 - -3 - (-2 - 2 - -5)?
1
What is -5 + -1 - (-3 - 6)?
3
What is 6 - (-2 + 1) - (9 - 5)?
3
What is the value of 0 - (-8 - -6 - -1 - 3)?
4
(-7 - -6) + (8 - 13)
-6
Calculate 4 - (-2 + 6 + -5).
5
Evaluate (-2 - -3) + -6 + 10.
5
What is 3 + -6 - (-2 + 0)?
-1
What is -14 + (20 - 4) - (1 + 1)?
0
What is (-22 - (11 - 22)) + 8?
-3
What is the value of (-1 - 3) + -4 + 5?
-3
What is -1 - (1 - 1) - 6?
-7
What is the value of 3 + ((-1 - 0) + -2 - -5)?
5
What is -8 - -12 - (3 + -5 + 1)?
5
Calculate (-3 - (-9 - -2)) + -3.
1
-2 + -6 + 3 + 1
-4
Evaluate -10 + 10 + 3 + -7.
-4
Evaluate -1 + 1 + -3 + (5 - 0).
2
Calculate 3 - (4 - 1 - -4).
-4
What is (-2 + -1 - -7) + 1?
5
What is the value of (-5 - -2) + -1 + 2 + 2?
0
What is -2 - (-4 - -6) - -3?
-1
Calculate 1 + 1 + -19 + 12.
-5
Evaluate 5 + -2 + (6 - 5) - 6.
-2
What is -26 + 11 - -8 - (-3 + -1)?
-3
(-2 - 0) + -1 + -1 - 0
-4
-5 - (8 - -5) - -8
-10
Evaluate 2 - 8 - -6 - 6.
-6
What is the value of (0 - -4) + -10 + 7?
1
Evaluate 2 + 2 - (4 - (-1 + 5)).
4
Calculate 0 - ((5 - -2 - 14) + 1).
6
What is 5 + 2 + -1 - 2?
4
What is the value of -3 - -3 - (-1 - 2 - -7)?
-4
0 + (4 - 0 - 2)
2
-14 - -12 - (-4 - -10)
-8
Evaluate -1 - -4 - (-4 + -4 + 6).
5
-1 + -1 + 1 + 3
2
Evaluate 2 + -4 + 0 + -1 - 0.
-3
-10 - (-3 - 4) - (-2 - -2)
-3
What is the value of 5 - (-5 - (-17 + 3)) - 0?
-4
Calculate (2 - 0) + -5 - (21 + -19).
-5
Evaluate (0 - (0 + 2)) + (-37 - -46).
7
What is the value of (8 - (0 + -1)) + -205 + 200?
4
Calculate -4 - (5 + -3 - 1) - -4.
-1
Evaluate 1 + -3 + -7 + 0 + 8.
-1
What is the value of -1 + 1 + (9 - 12)?
-3
-25 - -23 - (0 - -1)
-3
-5 - (-5 + 4) - 0
-4
Calculate 3 + 2 + -4 + 3 + -5.
-1
What is (3 - 0) + (-4 - (1 - 4))?
2
What is 4 - (-1 - (4 - 5))?
4
30 - 34 - (1 + -2)
-3
4 + 0 + -11 - -4
-3
What is -4 + 1 - (-10 - -2)?
5
What is the value of 6 - (-4 + (11 + -2 - 2))?
3
Calculate (10 + -19 - (-2 - 1)) + 4.
-2
-7 - (3 + (9 - 14))
-5
Evaluate -8 + -1 + 9 - 6.
-6
-3 + 2 + (-4 - 0) + 4
-1
What is the value of -16 + (3 - (8 - 15))?
-6
What is -2 - (-1 + (14 - 9))?
-6
Evaluate (4 - 2) + -2 + (3 - 6).
-3
What is the value of 8 - 0 - (-13 + 16)?
5
Calculate (6 + -4 - 2) + 7 - 9.
-2
What is the value of -3 + (0 - -3 - 1)?
-1
What is 6 + (0 - -6) + 19 + -38?
-7
9 + -6 + -5 + -2 + -3
-7
(-2 - 3) + 14 + (-1 - 0)
8
Calculate 1 + -3 + -2 + -1.
-5
(0 - 3) + 0 + 2
-1
Calculate 9 - 3 - (-1 + -2 - -7).
2
Calculate -4 + (4 - (0 - 3)).
3
What is the value of (-3 - 2 - 0) + 0?
-5
What is -10 - (1 - (3 + 2)) - -5?
-1
Evaluate -7 - ((-12 - -3) + 9 + -3).
-4
Evaluate (-2 - 2) + -3 + 8.
1
3 + (4 - 10 - -5)
2
Calculate (5 - 4) + 3 - (1 - 1).
4
What is the value of (2 - 2) + (2 - -2) + -2?
2
Evaluate -4 - (0 + -5 - 1).
2
Calculate (-1 - 4) + (8 - 16 - -9).
-4
3 - ((7 - (1 - -2)) + 1)
-2
What is 5 + 4 + 4 + -7 - 16?
-10
What is -7 - 2 - (1 - 5)?
-5
What is 2 + (-14 - -4) + 6?
-2
-5 - (3 + -6 + -1)
-1
What is the value of -3 - (-9 - -3) - 2?
1
What is 0 + (-8 - 0) - (-8 + -1)?
1
Calculate 5 + 